Let q(s) = s**3 - 10*s**2 + 6*s + 9. Let g be q(9). Let t = -31 - g. What are the prime factors of -2*(2 + t) - 1?
3, 7
Let o(n) = -n**2 + 96*n - 96. What are the prime factors of o(48)?
2, 3, 23
Let t(r) = 7*r - 1 - 20*r - 4 - 63*r. List the prime factors of t(-2).
3, 7
Let p be (-3)/(9/(-21))*-1. Let f = p + 19. Let b = f - 6. List the prime factors of b.
2, 3
Suppose -3*h = -8*h + 2*c + 114, -3 = -c. Let b = h + 111. What are the prime factors of b?
3, 5
Let a be ((-18)/5)/((-4)/70). Suppose 4*f - a = -v + 7, 0 = -v + f + 50. What are the prime factors of v?
2, 3
Let j(g) be the first derivative of 2*g**3/3 + 74*g + 16. What are the prime factors of j(0)?
2, 37
Suppose -16311 = -23*k - 4903. List the prime factors of k.
2, 31
Suppose -5*k - 10 - 3 = -2*t, 4*k = t - 14. List the prime factors of (1/(-6))/(-1) - 341/t.
3, 19
Let l(r) = -16*r**2 + 3*r - 1. Let q be l(2). Let w = q + 112. What are the prime factors of w?
53
Let g(i) = i**3 - 9*i**2 - 9*i - 10. Let z be g(10). Suppose 11*x - 203 - 633 = z. List the prime factors of x.
2, 19
Suppose 5*y + 3*x = 7669, 0 = 59*y - 62*y + 5*x + 4581. List the prime factors of y.
2, 383
What are the prime factors of (17/((-85)/(-6420)))/(12/16)?
2, 107
Suppose 20*o - 15*o - 5560 = 0. Suppose -v = 7*v - o. List the prime factors of v.
139
Suppose o = 8*n - 13*n + 5312, -n - 4*o = -1051. List the prime factors of n.
1063
List the prime factors of 5 + 69387/27 - 13/(-117).
5, 103
Suppose -2*x + 2517 = -r, 5*x - 6320 = -14*r + 11*r. What are the prime factors of x?
13, 97
Suppose 2*k + 5*b = 5, 0*b - b = -3. Let l be k/(0 + (-3)/15). List the prime factors of (13/(-5))/((-5)/l).
13
Let r(c) = c. Let a(b) = 7*b + 11. Let w(v) = 1. Let z(o) = a(o) + 2*w(o). Let y(s) = -4*r(s) + z(s). List the prime factors of y(10).
43
Let g = 1615 + -203. List the prime factors of g.
2, 353
Let k(a) = -6*a - 20. Suppose -j - 4*j = 65. Let m = j - -4. List the prime factors of k(m).
2, 17
Let a(h) = 70*h**2 - 21*h + 75. What are the prime factors of a(7)?
2, 23, 73
Let y = 19 + 14. Let j be ((-1)/(-3))/((-42)/126). Let o = j + y. What are the prime factors of o?
2
Suppose -337 = -3*v - 5*i, -2*i + 314 + 216 = 5*v. Let d = v - 75. List the prime factors of d.
29
Suppose -z + 5 = 6*j - 5*j, 2*j + 11 = 5*z. List the prime factors of (-174)/(-4)*j/3.
29
Let j(b) = b - 3. Let h(q) = -2*q**3 - 2*q**2 - 2*q. Let a be h(-2). What are the prime factors of j(a)?
3
Let v(l) = -l**3 - 19*l**2 - 2*l - 24. Let t be v(-19). Let n = 52 + t. List the prime factors of n.
2, 3, 11
Let v(m) = -m**3 + 20*m**2 - 17*m + 23. Let c be v(19). Suppose 0 = -12*q + 11*q + c. What are the prime factors of q?
61
Let i(n) = n**2 + 9*n + 7. Let f be i(-15). Let k = -55 + f. List the prime factors of k.
2, 3, 7
Suppose 3*a = -a + 2*n - 10, -4*a - 4*n + 20 = 0. Suppose 5*i - 132 - 13 = a. Let t = i + -13. List the prime factors of t.
2
Let h be (-1)/(-13) - 21119/91. Suppose 5 + 1 = w. List the prime factors of (18/(-12))/(w/h).
2, 29
Let o = 2053 + -919. List the prime factors of o.
2, 3, 7
Let g(k) = -11*k**2 + 2*k + 4. Let i(f) = f**2 + f + 1. Let v(w) = -g(w) + 3*i(w). List the prime factors of v(-2).
53
Suppose -96 + 0 = -3*i. Let q be -38*2/4*1. Let m = i + q. What are the prime factors of m?
13
Let d(l) = -4*l + 6. Let h be d(1). Suppose 6*n = h*q + 3*n - 296, -2*n = 2*q - 276. List the prime factors of q.
2, 71
Let j be 1 + 0/(1 - -1). What are the prime factors of (2 - (-33)/(-4))/(j/(-16))?
2, 5
Let v(g) = 6*g**2 - 6*g - 5. Let p(l) = -19*l**2 + 19*l + 16. Let x(c) = 2*p(c) + 7*v(c). List the prime factors of x(-6).
3, 5, 11
Let f(m) = -m**3 - 15*m**2 - 29*m + 6. Let i be f(-14). Let j = -122 + i. List the prime factors of j.
2, 47
Let h = 32 - 37. Let y(f) = -f**3 - 3*f**2 - 4*f + 3. What are the prime factors of y(h)?
73
What are the prime factors of (-29844)/(-42) + (-3)/(-7)?
3, 79
Suppose 0 = 17*p - 3564 - 8608. What are the prime factors of p?
2, 179
What are the prime factors of (1870 + -1)/3 + -4?
619
Suppose 0 = -3*m + 2162 + 547. List the prime factors of 1/(m/225 + -4).
3, 5
Let t(p) = 2*p**2 - 2*p + 1. Let n be t(-2). Let d = n - 9. Suppose 3*v - d - 23 = 0. What are the prime factors of v?
3
Let g = -397 - -413. What are the prime factors of g?
2
Suppose -356*q = -368*q + 41940. What are the prime factors of q?
3, 5, 233
Suppose -15*x = -2*i - 19*x + 3102, 0 = -3*i - 3*x + 4644. List the prime factors of i.
3, 5, 103
Let c = 298 + -207. Suppose 4*v + 27 = c. List the prime factors of v.
2
Let z(p) = -2*p**3 + 8*p**2 - p + 4. Let r be z(6). Let s = r - -211. What are the prime factors of s?
5, 13
List the prime factors of ((-1)/(-1) + 8)/((-3)/(-16)).
2, 3
Let r(z) be the third derivative of z**5/60 + z**4/6 - 5*z**3/3 - 7*z**2. What are the prime factors of r(-11)?
67
Suppose 10*w + 464 = 2464. List the prime factors of w.
2, 5
Suppose -42*i = -19*i - 12328. What are the prime factors of i?
2, 67
Let b(p) = -14*p - 1. Let n(l) be the second derivative of -5*l**3/2 - l**2 + l. Let x(z) = -4*b(z) + 3*n(z). What are the prime factors of x(1)?
3
Suppose 5*l - 1 - 4 = 0. Suppose -3*g - 4 = 29. Let u = l - g. What are the prime factors of u?
2, 3
Suppose -5*r + 2963 = -337. Suppose 0 = 23*y - 18*y + r. List the prime factors of y/(-24) + 1/(-2).
5
Suppose -5*y - 3*h + 0*h + 321 = 0, 3*y = -4*h + 186. What are the prime factors of y?
2, 3, 11
Let b be ((-9)/27)/((-2)/30)*31. What are the prime factors of ((-96)/(-40))/(2/b)?
2, 3, 31
Suppose y + 4*y - 105 = p, 0 = 3*y + 4*p - 86. Let c = 74 - y. List the prime factors of c.
2, 13
Suppose -3*c = q - 196, 2*q + 2*c = 514 - 122. Suppose -213 = -4*h + 5*b + 569, -h = -b - q. List the prime factors of h.
2, 3, 11
Let k = 1 - 3. Let y be (-9)/6*k/3. Suppose -3*d - 4*u = -41, u - 3 = -y. What are the prime factors of d?
11
Let m be 2 + (1 - (1 + -2)). Let h be (-54)/m*56/(-21). Let p = 58 - h. What are the prime factors of p?
2, 11
Let z = 5521 - 3223. List the prime factors of z.
2, 3, 383
Let x(q) = 5*q**2 - 2*q + 1. Let v be x(1). Suppose 17*l = -3*l. Suppose 2*k + s - 35 = l, 0*s + 52 = 4*k - v*s. What are the prime factors of k?
2
Let a be (-2)/(-3) - 110/(-6). Let m be a/76 + 238/8. What are the prime factors of 388/14 + m/105?
2, 7
List the prime factors of (-72)/126 + 13872/21.
2, 3, 5, 11
Suppose 0 = 6*a - 3*a + 201. Let p = -43 - a. What are the prime factors of p/(-6) - 124/(-2)?
2, 29
Suppose 35*w + 639 = 36*w. List the prime factors of w.
3, 71
Suppose -112*x + 111*x = -3*a + 3445, 0 = 3*x + 3. What are the prime factors of a?
2, 7, 41
What are the prime factors of 1/(10954/2738 + -33 + 29)?
37
Let t(z) = z**2 - 6*z. Let c be t(8). Let b(r) = r**3 - 16*r**2 + 3*r + 6. Let p be b(c). Let i = 76 - p. List the prime factors of i.
2, 11
Suppose -3*n = -3*b - 321, -2*n - 7*b + 219 = -10*b. What are the prime factors of n?
2, 3, 17
Let k be (-1 - 2)*(10 + -11). Suppose z + 2 = 3*s, 5*s = 5*z + 7 + k. List the prime factors of 4 + (s - 1) - -1.
2
Suppose 53*o - 48*o + 1770 = 0. Let u = o + 590. List the prime factors of u.
2, 59
Suppose 10*v - 14*v + 2040 = 0. Suppose 0*k + 6*k - v = 0. What are the prime factors of k?
5, 17
Let r be (-2)/4*(-2076)/6. Let j = 46 + r. What are the prime factors of j?
3, 73
Let i = 2 - -11. Suppose 0 = -5*d + 67 + i. Suppose -15*o - 26 = -d*o. What are the prime factors of o?
2, 13
Suppose 2*h = 187 + 1611. List the prime factors of h.
29, 31
Suppose -43*t + 5043 + 68444 = 0. List the prime factors of t.
1709
Suppose 13*l - 8*l - 3*x = 10123, 2*l = 4*x + 4052. List the prime factors of l.
2, 11, 23
Let p be (-378)/81*(-4 - -1). Let u = 86 - p. List the prime factors of u.
2, 3
Suppose -437 = -3*l + 1783. What are the prime factors of l?
2, 5, 37
Suppose 0 = 2*z - 1119 - 3151. Suppose -14*a + 889 = -z. List the prime factors of a.
2, 3
What are the prime factors of (3813/(-41))/(14/(-6) - -2)?
3, 31
Let x be ((-24)/(-10) + -3)*5. Let t be ((-2)/(-1) - x) + 0. What are the prime factors of (t + -2)*(7 + -2)?
3, 5
Suppose 0 = 5*t - t - 28. Let b = t + -3. Suppose h + 2*p + 9 = 33, b*p = h + 6. List the prime factors of h.
2, 7
Let z be (-1)/((-5)/680*2). Suppose -q + 70 = i, q + 3*i - z = -0*i. What are the prime factors of q?
71
Let d be 1*3/9 + (-652)/12. Le